base 16) in base 4?
13032121
What is -23547 (base 9) in base 16?
-3d8d
What is -42304 (base 6) in base 7?
-22462
Convert 22020 (base 4) to base 13.
3ab
What is 2be (base 16) in base 10?
702
What is 586a (base 12) in base 6?
113414
-1815 (base 11) to base 5
-33230
What is -8d3 (base 16) in base 7?
-6405
What is 122131 (base 4) in base 10?
1693
-13 (base 7) to base 15
-a
What is 3030132 (base 4) in base 10?
13086
36c (base 14) to base 12
490
Convert -4607 (base 9) to base 13.
-1723
-4b4 (base 13) to base 3
-1010111
2630 (base 13) to base 3
21110202
Convert -226 (base 16) to base 9.
-671
-204220 (base 5) to base 2
-1101010011010
What is 61f (base 16) in base 2?
11000011111
What is 384 (base 13) in base 8?
1147
What is 11cc9 (base 16) in base 13?
27251
Convert -111000001110 (base 2) to base 4.
-320032
What is 255005 (base 6) in base 8?
55115
-1453 (base 6) to base 16
-189
Convert 3121111 (base 4) to base 5.
421114
Convert -c6 (base 14) to base 7.
-336
314 (base 9) to base 11
213
Convert -334333 (base 6) to base 16.
-6e31
Convert 13214 (base 7) to base 14.
140b
1242303 (base 5) to base 8
60177
Convert -60734 (base 8) to base 14.
-91b6
-2011021022 (base 3) to base 9
-64238
4192 (base 10) to base 16
1060
1000101 (base 2) to base 13
54
Convert -15114 (base 6) to base 11.
-1902
-2580 (base 13) to base 6
-40423
What is 229 (base 12) in base 4?
11001
368 (base 16) to base 7
2354
Convert 1760 (base 9) to base 5.
20400
-1e5e (base 15) to base 12
-39b2
Convert -3003 (base 7) to base 5.
-13112
10101031 (base 4) to base 7
101656
13006 (base 8) to base 10
5638
Convert -110111001101 (base 2) to base 8.
-6715
Convert 31030 (base 5) to base 7.
5606
-41225 (base 6) to base 13
-2663
Convert -123b (base 12) to base 11.
-1606
Convert 2b10 (base 12) to base 8.
11674
Convert -4355 (base 6) to base 10.
-1007
-101110101100010 (base 2) to base 12
-11a02
What is 9a65 (base 13) in base 10?
21546
What is 11456 (base 7) in base 9?
4072
Convert -11111111110 (base 2) to base 7.
-5652
What is 13b (base 12) in base 14?
d9
-1aa0d (base 14) to base 9
-113035
Convert 1000011000 (base 2) to base 7.
1364
What is -9b1 (base 15) in base 9?
-3004
Convert 201200 (base 3) to base 6.
2243
-9848 (base 11) to base 9
-18743
Convert -8035 (base 9) to base 13.
-2891
241 (base 7) to base 11
106
What is 616 (base 8) in base 9?
482
9c6f (base 16) to base 13
152c7
-134455 (base 6) to base 2
-11000110100011
What is -5470 (base 11) in base 12?
-4214
Convert 522 (base 13) to base 11.
724
Convert 20434 (base 7) to base 5.
130043
-4282 (base 12) to base 2
-1110010000010
Convert -1b9 (base 13) to base 10.
-321
What is 11023320 (base 4) in base 6?
242200
Convert -221121120 (base 3) to base 14.
-6b3a
What is -1886 (base 9) in base 8?
-2657
What is 1140 (base 5) in base 15?
b5
-380 (base 15) to base 8
-1433
110100010111 (base 2) to base 15
ed6
150 (base 7) to base 16
54
-21649 (base 10) to base 6
-244121
Convert 2120 (base 6) to base 12.
340
What is 56344 (base 9) in base 7?
214135
-4469 (base 15) to base 12
-8483
a1c (base 13) to base 12
bab
239a8 (base 12) to base 7
260114
Convert -10122 (base 4) to base 11.
-237
Convert 1001100100 (base 2) to base 3.
211200
What is -4244 (base 5) in base 11?
-482
Convert 4717 (base 9) to base 8.
6653
14711 (base 9) to base 8
23506
What is -1542 (base 8) in base 16?
-362
What is -6fc8 (base 16) in base 14?
-a600
Convert 7666 (base 9) to base 6.
42053
-11331 (base 13) to base 15
-9420
What is 33020 (base 4) in base 14?
4d2
What is -13014 (base 9) in base 16?
-2239
What is -4736 (base 8) in base 4?
-213132
235534 (base 7) to base 14
11854
What is 26105 (base 9) in base 4?
10102232
What is -2303031 (base 4) in base 12?
-6779
1463 (base 8) to base 2
1100110011
-24507 (base 8) to base 12
-6147
What is 2925 (base 14) in base 9?
10884
-6a7 (base 11) to base 10
-843
-286 (base 15) to base 3
-210100
-1110101000100 (base 2) to base 4
-1311010
What is 1101011101111 (base 2) in base 13?
31a5
What is -14005 (base 7) in base 16?
-ec2
What is 42420 (base 7) in base 5?
314000
10101012 (base 4) to base 16
4446
Convert -2121012 (base 3) to base 6.
-12435
What is 1102001 (base 3) in base 15?
487
-5265 (base 7) to base 8
-3504
-23123 (base 4) to base 12
-50b
Convert -2133 (base 7) to base 12.
-533
What is 1110100111 (base 2) in base 14?
4ab
1045 (base 9) to base 15
365
-49c9 (base 14) to base 9
-18642
-256b3 (base 12) to base 2
-1100011110100111
Convert -252 (base 6) to base 16.
-68
What is -30a07 (base 11) in base 9?
-67825
Convert -335 (base 12) to base 13.
-2a5
What is 24b7 (base 12) in base 10?
4171
Convert -30b (base 14) to base 13.
-371
What is 100 (base 14) in base 7?
400
What is -540 (base 9) in base 8?
-671
Convert 137 (base 14) to base 13.
15b
Convert 1015 (base 6) to base 5.
1402
101244 (base 5) to base 3
11120010
What is -19915 (base 10) in base 15?
-5d7a
Convert -7a07 (base 12) to base 16.
-34e7
101010110011 (base 2) to base 10
2739
What is -1355 (base 8) in base 4?
-23231
What is -421 (base 8) in base 11?
-229
Convert -126 (base 7) to base 13.
-54
-5220 (base 11) to base 5
-210134
-44645 (base 8) to base 7
-105652
What is 698 (base 10) in base 14?
37c
Convert -add (base 14) to base 8.
-4153
What is 3110 (base 6) in base 10?
690
Convert 13303333 (base 4) to base 13.
11746
-116 (base 15) to base 4
-3312
What is -1cdb (base 14) in base 15?
-1879
Convert 1136 (base 8) to base 10.
606
-624 (base 8) to base 7
-1115
b0 (base 16) to base 14
c8
1749b (base 12) to base 6
415115
What is 98b (base 14) in base 4?
131133
What is 22499 (base 11) in base 12?
169b4
-25366 (base 8) to base 7
-44031
-7601 (base 8) to base 11
-2a89
Convert dac (base 16) to base 11.
26a2
Convert -1131 (base 8) to base 7.
-1516
Convert -20133 (base 4) to base 2.
-1000011111
Convert -dd7b (base 16) to base 14.
-1693d
What is -5468 (base 9) in base 3?
-12112022
What is 3c6 (base 15) in base 14?
457
Convert 311133 (base 4) to base 16.
d5f
Convert -20119 (base 10) to base 14.
-7491
f290 (base 16) to base 10
62096
300020 (base 5) to base 12
5521
Convert 53543 (base 8) to base 6.
251323
-74755 (base 8) to base 15
-93ad
Convert -1112110 (base 3) to base 2.
-10001011111
What is -212021 (base 6) in base 4?
-10032031
What is 122041 (base 7) in base 15?
6934
-224 (base 9) to base 5
-1214
-b949 (base 12) to base 15
-6076
Convert 102441 (base 6) to base 9.
12437
Convert -3223031 (base 4) to base 14.
-56b3
271 (base 9) to base 10
226
What is 19156 (base 13) in base 12?
2413a
Convert 52899 (base 10) to base 8.
147243
Convert -12248 (base 11) to base 6.
-213245
What is -3867 (base 12) in base 11?
-4902
363 (base 11) to base 4
12300
What is 13173 (base 8) in base 10?
5755
-11110213 (base 4) to base 6
-244531
Convert -1b (base 15) to base 14.
-1c
111420 (base 5) to base 14
1649
1241303 (base 5) to base 7
131441
What is -2114 (base 6) in base 15?
-21d
332013 (base 4) to base 14
163d
-1235 (base 7) to base 3
-122022
653 (base 15) to base 13
85b
Convert -331124 (base 5) to base 16.
-2c96
Convert 1714 (base 11) to base 4.
202101
-11001110000000 (base 2) to base 6
-141012
What is 59ac (base 13) in base 6?
134320
8b0c (base 16) to base 7
205531
7b3 (base 16) to base 9
2630
What is -12159 (base 15) in base 8?
-160524
-20201211 (base 3) to base 12
-2a11
Convert 12421 (base 6) to base 12.
1111
-44a (base 15) to base 11
-802
What is -1410 (base 9) in base 12?
-746
-1cb (base 15) to base 9
-512
What is 2202001 (base 4) in base 6?
120001
-58345 (base 10) to base 16
-e3e9
What is -121e (base 15) in base 13?
-19a6
Convert 5461 (base 11) to base 7.
30003
What is -20402 (base 5) in base 8?
-2510
What is -14142 (base 10) in base 5?
-423032
What is -2fac (base 16) in base 10?
-12204
-4352 (base 7) to base 9
-2118
1000001001000 (base 2) to base 12
24b4
What is -480 (base 10) in base 13?
-2ac
What is 10476 (base 9) in base 12?
4036
Convert -10002010 (base 3) to base 11.
-1760
Convert 301030 (base 4) to base 5.
100043
21020122 (base 3) to base 4
1102202
What is -11011101000011 (base 2) in base 9?
-21358
Convert -70a9 (base 12) to base 11.
-9204
-5240 (base 11) to base 15
-20cb
-2043 (base 13) to base 9
-6083
9681 (base 10) to base 4
2113101
Convert -190ba (base 12) to base 5.
-2131210
Convert -110010101111001 (base 2) to base 12.
-13049
Convert -1a28